{"id":9,"date":"2015-02-03T09:18:33","date_gmt":"2015-02-03T09:18:33","guid":{"rendered":"http:\/\/www.energeticthemes.com\/themes\/grand\/?page_id=9"},"modified":"2025-10-15T15:22:38","modified_gmt":"2025-10-15T15:22:38","slug":"home","status":"publish","type":"page","link":"http:\/\/mestskezasahy.sk\/95\/","title":{"rendered":"Mestsk\u00e9 z\u00e1sahy"},"content":{"rendered":"<p><a href=\"http:\/\/mestskezasahy.sk\/95\/projects\/\"><strong>Pozrie\u0165 projekty<\/strong><\/a><\/p>\n<p>Tento rok sme zozbierali 95 n\u00e1padov na to, ako zlep\u0161i\u0165 Bratislavu. Obyvatelia mesta by vedeli zlep\u0161i\u0165 v mnoh\u00fdch smeroch.<\/p>\n<p>&nbsp;<\/p>\n<p><a href=\"http:\/\/mestskezasahy.sk\/95\/urbaninterventions\/\"><strong>Mestsk\u00e9 z\u00e1sahy<\/strong><\/a> s\u00fa priestorom pre v\u0161etk\u00fdch, ktor\u00ed vidia probl\u00e9my svojho mesta a chc\u00fa ho vylep\u0161i\u0165 svojimi n\u00e1vrhmi. Nemus\u00ed\u0161 by\u0165 mestsk\u00fd poslanec, aby si z Bratislavy spravil lep\u0161ie miesto.<\/p>\n<p>&nbsp;<\/p>\n<p><a href=\"http:\/\/mestskezasahy.sk\/95\/projects\/\"><strong>See projects<\/strong><\/a><\/p>\n<p>This year we collected 95 ideas on how to improve Bratislava. People of Bratislava know how to improve city in many ways. You can see all their ideas here.<\/p>\n<p>&nbsp;<\/p>\n<p><a href=\"http:\/\/mestskezasahy.sk\/95\/urbaninterventions\/\"><b>Mestsk\u00e9 z\u00e1sahy <\/b><\/a>want to improve it with their ideas. You don&#8217;t need to be a part of goverment to made Bratislava a better place.<\/p>\n","protected":false},"excerpt":{"rendered":"<p>Pozrie\u0165 projekty Tento rok sme zozbierali 95 n\u00e1padov na to, ako zlep\u0161i\u0165 Bratislavu. Obyvatelia mesta by vedeli zlep\u0161i\u0165 v mnoh\u00fdch smeroch. &nbsp; Mestsk\u00e9 z\u00e1sahy s\u00fa priestorom pre v\u0161etk\u00fdch, ktor\u00ed vidia probl\u00e9my svojho mesta a chc\u00fa ho vylep\u0161i\u0165 svojimi n\u00e1vrhmi. Nemus\u00ed\u0161 by\u0165 mestsk\u00fd poslanec, aby si z Bratislavy spravil lep\u0161ie miesto. &nbsp; See projects This year&#8230;<\/p>\n","protected":false},"author":1,"featured_media":0,"parent":0,"menu_order":0,"comment_status":"open","ping_status":"open","template":"","meta":{"_kad_post_transparent":"","_kad_post_title":"","_kad_post_layout":"","_kad_post_sidebar_id":"","_kad_post_content_style":"","_kad_post_vertical_padding":"","_kad_post_feature":"","_kad_post_feature_position":"","_kad_post_header":false,"_kad_post_footer":false,"footnotes":""},"class_list":["post-9","page","type-page","status-publish","hentry"],"_links":{"self":[{"href":"http:\/\/mestskezasahy.sk\/95\/wp-json\/wp\/v2\/pages\/9","targetHints":{"allow":["GET"]}}],"collection":[{"href":"http:\/\/mestskezasahy.sk\/95\/wp-json\/wp\/v2\/pages"}],"about":[{"href":"http:\/\/mestskezasahy.sk\/95\/wp-json\/wp\/v2\/types\/page"}],"author":[{"embeddable":true,"href":"http:\/\/mestskezasahy.sk\/95\/wp-json\/wp\/v2\/users\/1"}],"replies":[{"embeddable":true,"href":"http:\/\/mestskezasahy.sk\/95\/wp-json\/wp\/v2\/comments?post=9"}],"version-history":[{"count":44,"href":"http:\/\/mestskezasahy.sk\/95\/wp-json\/wp\/v2\/pages\/9\/revisions"}],"predecessor-version":[{"id":1346,"href":"http:\/\/mestskezasahy.sk\/95\/wp-json\/wp\/v2\/pages\/9\/revisions\/1346"}],"wp:attachment":[{"href":"http:\/\/mestskezasahy.sk\/95\/wp-json\/wp\/v2\/media?parent=9"}],"curies":[{"name":"wp","href":"https:\/\/api.w.org\/{rel}","templated":true}]}}